70 = -115*q. Calculate the remainder when q is divided by u.
12
Let o(v) = -7*v**3 + 2*v**2 - 6*v - 27. Let m be o(-7). Suppose -5*j = -m - 2766. What is the remainder when j is divided by 46?
44
Let n = -2 - 2. Let d(x) = x**3 + 15*x**2 + 21*x - 2. What is the remainder when d(n) is divided by 46?
44
Let c = 42057 - 42047. What is the remainder when 1927 is divided by c?
7
Let p(o) = o**3 + 4*o**2 + 5*o - 15. Let a be p(-5). Let i be 2 - (2 + 1*116). Let h = a - i. Calculate the remainder when h is divided by 14.
9
Let s(l) = 2*l**2 - 5*l - 60. Let c be s(-11). Suppose -5*i + 2*i = -3*x + 705, -c = -x + 2*i. What is the remainder when x is divided by 13?
12
Suppose 7391 = 5*b - 3*f, 6*f = f - 10. What is the remainder when b is divided by 79?
55
Suppose -26*o + 0*o = -3*o - 3657. What is the remainder when 452 is divided by o?
134
Suppose g + 4*g - 150 = 5*p, 40 = g - 3*p. Suppose g*h = 26*h - 11. Suppose -a - 9 - 5 = -c, 0 = 2*c + 2*a - 40. Calculate the remainder when c is divided by h.
6
Let d(c) = -187*c - 1924. Calculate the remainder when d(-11) is divided by 73.
60
Let u(a) = 7*a**2 - 6*a + 1. Calculate the remainder when u(3) is divided by (-4 - -1)/(17/(-51)*1).
1
Let i = -390 - -414. Calculate the remainder when 1*-1 + (48 - (-1 + 2)) is divided by i.
22
Let g(j) = -j**3 - 12*j**2 + 9*j + 14. Let m be g(-12). Let l = -50 - m. Suppose -19*d = -8*d - l. Calculate the remainder when 21 is divided by d.
1
Let y(b) = -b**2 - 3*b + 1657. Calculate the remainder when 1694 is divided by y(39).
3
Let d = -154 - -66. Let n = 115 + d. Calculate the remainder when n is divided by 20.
7
Suppose 27*u - 111*u + 5942 + 1534 = 0. Calculate the remainder when 1256 is divided by u.
10
Let c = 1368 + -1295. Suppose -3*h - 2*h - 110 = -5*j, -74 = -3*j + h. Calculate the remainder when c is divided by j.
21
Let y(j) = 6*j**3 + j**2 - 2*j - 2. Let u be y(-2). Suppose -2*m - 3*z + 207 = 0, -m - z = -29 - 76. What is the remainder when 8 is divided by 3/7 - m/u?
2
Suppose -5*h + 207 = y - 393, 3*h = -10*y + 360. What is the remainder when 462 is divided by h?
102
Calculate the remainder when 563 is divided by -6 + (8 - (-2450)/10).
69
Let w be (36/15)/(12/40). Suppose w*h - h = -14. Calculate the remainder when 0 + 35 + (h - (-1 + 0)) is divided by 19.
15
Let x(g) = 5*g**2 - g - 10. Let y(c) = 13*c**2 - 2*c - 22. Let t(a) = -5*x(a) + 2*y(a). What is the remainder when 17 is divided by t(-2)?
1
Suppose 2*g - 89 = d - 4*d, -2*g - 2*d + 92 = 0. Let b = g + 23. Calculate the remainder when b is divided by 25.
22
Let r = -1238 - -2995. What is the remainder when r is divided by 104?
93
What is the remainder when ((-39)/(-156) - 38/(-8)) + 484 is divided by 4?
1
Let c(d) = -d**2 - 18*d + 18. Suppose 3*f = 12*f - 1125. What is the remainder when f is divided by c(-15)?
62
Suppose -2*q - 16 = -3*q. Suppose q*d - 12*d - 196 = 0. Suppose -5*s - 20 = 0, -3*i - s = -45 - 2. What is the remainder when d is divided by i?
15
Suppose -1121*d + 560*d = -562*d + 750. What is the remainder when d is divided by 18?
12
Suppose 4268 = 17*h - 6*h. Let k = 464 - h. What is the remainder when k is divided by 4?
0
Let c = 25 - 23. Suppose 3*y = 6, 81 = 3*p - c*y - 71. What is the remainder when 11/(396/7428) - (-4)/(-12) is divided by p?
50
Suppose -18*q = 4*k - 23*q - 3310, 3*q = -18. Calculate the remainder when k is divided by 3.
1
Let h(z) = -z**2 + 6*z + 6. Let i = -6476 - -6528. Calculate the remainder when i is divided by h(5).
8
Let y(h) = h - 2. Let q(t) = -5*t**2 - 11*t + 68. Let s(u) = -q(u) + 4*y(u). What is the remainder when s(-14) is divided by 41?
38
Suppose -2*o - m = -2, 4 = -0*o + 4*o - m. What is the remainder when 114 is divided by o*164*((-105)/(-20) + -5)?
32
Suppose 11505 = 118*a + 59*a. Calculate the remainder when 241 is divided by a.
46
Suppose -6*g = 4*g - 2110. Let l = -182 + g. Calculate the remainder when l is divided by 12.
5
Suppose 138 = -91*z + 94*z. Suppose 51*p - 170 = z*p. Calculate the remainder when 188 is divided by (0 - 16/(-4)) + p.
36
Let q(j) = 2*j**3 - 7*j**2 + 6*j - 8. Let d(z) = -2*z + 32. Let a(t) = -2. Let m(f) = -24*a(f) - 3*d(f). What is the remainder when q(4) is divided by m(10)?
8
Suppose -2*r + 35 + 7 = 0. Let h be 708/(-295)*(1 - 106/6). Suppose 5*z + 160 = 4*b, -40 - h = -2*b - 5*z. Calculate the remainder when b is divided by r.
19
Let s = 104944 + -104930. Calculate the remainder when s is divided by (-70)/(-12) - 3/(-18).
2
Suppose 73 = 4*h - 5*l - 2331, 1865 = 3*h + 4*l. What is the remainder when h is divided by 270?
71
Let h(a) = 4*a + 93. Let t be h(-22). Suppose t*i - 840 = -25. Calculate the remainder when i is divided by 28.
23
Suppose -18*q + 66 = -6. Suppose q*m - 4*j - 548 = 0, 2*j + 511 = 3*m + 96. Calculate the remainder when m is divided by 12.
9
Suppose 8*l = 3944 + 688. Let g = l + -538. What is the remainder when g is divided by 23?
18
Let x(l) = 3*l + 43. Let d be x(-13). Suppose -4*k = -7*k - 6, 0 = 4*o + d*k - 768. What is the remainder when o is divided by 18?
14
Suppose 227 = 2*y + 263. What is the remainder when 50 is divided by (-256)/y + 40/(-180)?
8
Let n(x) = 30*x + 554. Calculate the remainder when 488 is divided by n(-18).
12
Let x = 2059 + -524. Calculate the remainder when x is divided by 44.
39
Let p = -12656 + 12788. Let g be -2 - 0 - 4/(-2). Suppose q + 5*q - p = g. Calculate the remainder when q is divided by 8.
6
Let k = -934 - -966. Let n = 68 + -7. Calculate the remainder when n is divided by k.
29
Calculate the remainder when 110 is divided by (-1 + (-2)/(-6))/((16/696)/(-2)).
52
What is the remainder when ((-2)/30 - 166832/(-480))*2 is divided by 24?
23
Let f = -71 + 118. Let a = -160 - f. Calculate the remainder when (-6)/(-36)*-4*a is divided by 35.
33
Suppose 6 = -2*o + 4*g, -3*o = -o - 3*g + 2. Suppose -2*q = -o*i + 1631, 2*i - 4*q = -7*q + 660. Calculate the remainder when i is divided by 66.
63
Suppose -3*h + 18*h = 105. What is the remainder when (-310)/(-14) - 1/7 is divided by h/(-7)*2*(-52)/8?
9
Let f = 696 - 693. Suppose -246 = -z + 2*a, f*z + 486 = 5*z - a. Calculate the remainder when z is divided by 27.
26
Suppose -171 - 125 = -4*n. Let y be (-6)/7*(-28)/6. Suppose y*f - 56 = h, 4*h - 43 = -2*f + 3. Calculate the remainder when n is divided by f.
14
Suppose 7*m + 2613 = 28*m - 3015. Calculate the remainder when m is divided by 34.
30
Suppose -2 = -2*q, -11*b = -6*b - 5*q - 140. Suppose 5*j + 149 = -2*t, -5*j + t = -0*t + 143. Let r = 45 + j. What is the remainder when b is divided by r?
13
Suppose -36920 = -79*j - 63*j. Calculate the remainder when j is divided by 11.
7
Suppose 4*h = 2*h + 62. Suppose 145 = 20*j + 5. Calculate the remainder when h is divided by 1/((-4)/(-8)*2/j).
3
Suppose -29 - 3 = -16*j. Suppose j*u - 8*u = -96. What is the remainder when 56 is divided by u?
8
Let q = 227 - 210. Suppose 3*l = 2 + 10. Suppose l*y + 15 = 4*a - 9, y - 44 = -4*a. What is the remainder when q is divided by a?
7
Suppose 13*m = 4*m + 144. Suppose 0 = s - 2*s + 61. Calculate the remainder when s is divided by m.
13
Suppose 5*i = 5*x + 3740, 8*x + 1496 = 2*i + 13*x. What is the remainder when i is divided by 41?
10
Suppose -4*l = 3*c - 0 - 13, l - 8 = 4*c. What is the remainder when 92 is divided by (-14 - -13)/(c + 2)*-25?
17
Suppose -7 = h - 9. Suppose -93 = -3*i - 3*c, 3*c - 6 = -h*i + 55. Calculate the remainder when 350 is divided by i.
30
Let u(t) = t**2 - 2*t + 5. Let m(l) = l**3 + l + 5. Let f be m(0). Let a(x) = -10*x + 371. Calculate the remainder when u(f) is divided by a(36).
9
Let f(u) = -5*u**2 + 46*u - 31. Calculate the remainder when 447/18 - (-2)/12 is divided by f(8).
8
Suppose -65*n + 430 = 40. Calculate the remainder when 785 is divided by n.
5
Let u = 14181 - 14132. What is the remainder when u is divided by (-2 + 4 - 1)*30?
19
Let p(a) = -16*a - 12. Let i(s) = s - 1. Let x(t) = -2*i(t) + p(t). Let c be x(-4). Suppose 0 = 6*o - c - 16. What is the remainder when 23 is divided by o?
10
Suppose 0 = -z - 4*k + 11, z + k = 3 + 11. Suppose -2*b - 17 = -2*a + b, -2*a - 1 = 3*b. Calculate the remainder when (3/a)/((-5)/(-340)) is divided by z.
6
Calculate the remainder when 2194 is divided by (-3 - (-10 + 2))*13/5.
10
Let v(q) = q**3 + 3*q**2 + 16*q + 84. Let